{"id":11,"date":"2025-07-07T15:52:21","date_gmt":"2025-07-07T13:52:21","guid":{"rendered":"https:\/\/odrarejsy.pl\/?page_id=11"},"modified":"2025-07-07T18:15:29","modified_gmt":"2025-07-07T16:15:29","slug":"odra-we-wroclawiu","status":"publish","type":"page","link":"https:\/\/odrarejsy.pl\/","title":{"rendered":"Odra we Wroc\u0142awiu"},"content":{"rendered":"\t\t<div data-elementor-type=\"wp-page\" data-elementor-id=\"11\" class=\"elementor elementor-11\">\n\t\t\t\t<div class=\"elementor-element elementor-element-af627a9 e-flex e-con-boxed e-con e-parent\" data-id=\"af627a9\" data-element_type=\"container\">\n\t\t\t\t\t<div class=\"e-con-inner\">\n\t\t\t\t<div class=\"elementor-element elementor-element-68dbc1d elementor-invisible elementor-widget elementor-widget-heading\" data-id=\"68dbc1d\" data-element_type=\"widget\" data-settings=\"{&quot;_animation&quot;:&quot;fadeInDown&quot;}\" data-widget_type=\"heading.default\">\n\t\t\t\t\t<h1 class=\"elementor-heading-title elementor-size-default\"> O Odrze we Wroc\u0142awiu<\/h1>\t\t\t\t<\/div>\n\t\t\t\t\t<\/div>\n\t\t\t\t<\/div>\n\t\t<div class=\"elementor-element elementor-element-137864d e-flex e-con-boxed elementor-invisible e-con e-parent\" data-id=\"137864d\" data-element_type=\"container\" data-settings=\"{&quot;animation&quot;:&quot;fadeInDown&quot;}\">\n\t\t\t\t\t<div class=\"e-con-inner\">\n\t\t<div class=\"elementor-element elementor-element-b2edae3 e-con-full e-flex e-con e-child\" data-id=\"b2edae3\" data-element_type=\"container\">\n\t\t\t\t<div class=\"elementor-element elementor-element-cda68a6 elementor-widget elementor-widget-text-editor\" data-id=\"cda68a6\" data-element_type=\"widget\" data-widget_type=\"text-editor.default\">\n\t\t\t\t\t\t\t\t\t<p>Odra to druga najd\u0142u\u017csza rzeka w Polsce. Przep\u0142ywa przez serce Wroc\u0142awia, dziel\u0105c miasto na liczne wyspy i brzegi. Od wiek\u00f3w pe\u0142ni\u0142a kluczow\u0105 rol\u0119 w transporcie, gospodarce i \u017cyciu codziennym mieszka\u0144c\u00f3w.<\/p>\n<p><\/p>\n<p><br><\/p>\t\t\t\t\t\t\t\t<\/div>\n\t\t\t\t<div class=\"elementor-element elementor-element-4c0255c elementor-widget elementor-widget-shortcode\" data-id=\"4c0255c\" data-element_type=\"widget\" data-widget_type=\"shortcode.default\">\n\t\t\t\t\t\t\t<div class=\"elementor-shortcode\"><a target=\"_blank\" href=\"https:\/\/varuna.pl\/\">Rejsy po Odrze<\/a><\/div>\n\t\t\t\t\t\t<\/div>\n\t\t\t\t<\/div>\n\t\t\t\t\t<\/div>\n\t\t\t\t<\/div>\n\t\t\t\t<\/div>\n\t\t","protected":false},"excerpt":{"rendered":"<p>O Odrze we Wroc\u0142awiu Odra to druga najd\u0142u\u017csza rzeka w Polsce. Przep\u0142ywa przez serce Wroc\u0142awia, dziel\u0105c miasto na liczne wyspy i brzegi. Od wiek\u00f3w pe\u0142ni\u0142a kluczow\u0105 rol\u0119 w transporcie, gospodarce i \u017cyciu codziennym mieszka\u0144c\u00f3w. Rejsy po Odrze<\/p>\n","protected":false},"author":1,"featured_media":0,"parent":0,"menu_order":0,"comment_status":"closed","ping_status":"closed","template":"","meta":{"footnotes":""},"class_list":["post-11","page","type-page","status-publish","hentry"],"yoast_head":"<!-- This site is optimized with the Yoast SEO plugin v25.4 - https:\/\/yoast.com\/wordpress\/plugins\/seo\/ -->\n<title>Odra we Wroc\u0142awiu - Odra Rejsy<\/title>\n<meta name=\"robots\" content=\"index, follow, max-snippet:-1, max-image-preview:large, max-video-preview:-1\" \/>\n<link rel=\"canonical\" href=\"https:\/\/odrarejsy.pl\/\" \/>\n<meta property=\"og:locale\" content=\"en_US\" \/>\n<meta property=\"og:type\" content=\"article\" \/>\n<meta property=\"og:title\" content=\"Odra we Wroc\u0142awiu - Odra Rejsy\" \/>\n<meta property=\"og:description\" content=\"O Odrze we Wroc\u0142awiu Odra to druga najd\u0142u\u017csza rzeka w Polsce. Przep\u0142ywa przez serce Wroc\u0142awia, dziel\u0105c miasto na liczne wyspy i brzegi. Od wiek\u00f3w pe\u0142ni\u0142a kluczow\u0105 rol\u0119 w transporcie, gospodarce i \u017cyciu codziennym mieszka\u0144c\u00f3w. Rejsy po Odrze\" \/>\n<meta property=\"og:url\" content=\"https:\/\/odrarejsy.pl\/\" \/>\n<meta property=\"og:site_name\" content=\"Odra Rejsy\" \/>\n<meta property=\"article:modified_time\" content=\"2025-07-07T16:15:29+00:00\" \/>\n<meta name=\"twitter:card\" content=\"summary_large_image\" \/>\n<script type=\"application\/ld+json\" class=\"yoast-schema-graph\">{\"@context\":\"https:\/\/schema.org\",\"@graph\":[{\"@type\":\"WebPage\",\"@id\":\"https:\/\/odrarejsy.pl\/\",\"url\":\"https:\/\/odrarejsy.pl\/\",\"name\":\"Odra we Wroc\u0142awiu - Odra Rejsy\",\"isPartOf\":{\"@id\":\"https:\/\/odrarejsy.pl\/#website\"},\"datePublished\":\"2025-07-07T13:52:21+00:00\",\"dateModified\":\"2025-07-07T16:15:29+00:00\",\"breadcrumb\":{\"@id\":\"https:\/\/odrarejsy.pl\/#breadcrumb\"},\"inLanguage\":\"en-US\",\"potentialAction\":[{\"@type\":\"ReadAction\",\"target\":[\"https:\/\/odrarejsy.pl\/\"]}]},{\"@type\":\"BreadcrumbList\",\"@id\":\"https:\/\/odrarejsy.pl\/#breadcrumb\",\"itemListElement\":[{\"@type\":\"ListItem\",\"position\":1,\"name\":\"Strona g\u0142\u00f3wna\",\"item\":\"https:\/\/odrarejsy.pl\/\"},{\"@type\":\"ListItem\",\"position\":2,\"name\":\"Odra we Wroc\u0142awiu\"}]},{\"@type\":\"WebSite\",\"@id\":\"https:\/\/odrarejsy.pl\/#website\",\"url\":\"https:\/\/odrarejsy.pl\/\",\"name\":\"Odra Rejsy\",\"description\":\"\",\"publisher\":{\"@id\":\"https:\/\/odrarejsy.pl\/#organization\"},\"potentialAction\":[{\"@type\":\"SearchAction\",\"target\":{\"@type\":\"EntryPoint\",\"urlTemplate\":\"https:\/\/odrarejsy.pl\/?s={search_term_string}\"},\"query-input\":{\"@type\":\"PropertyValueSpecification\",\"valueRequired\":true,\"valueName\":\"search_term_string\"}}],\"inLanguage\":\"en-US\"},{\"@type\":\"Organization\",\"@id\":\"https:\/\/odrarejsy.pl\/#organization\",\"name\":\"Odra Rejsy\",\"url\":\"https:\/\/odrarejsy.pl\/\",\"logo\":{\"@type\":\"ImageObject\",\"inLanguage\":\"en-US\",\"@id\":\"https:\/\/odrarejsy.pl\/#\/schema\/logo\/image\/\",\"url\":\"https:\/\/odrarejsy.pl\/wp-content\/uploads\/2025\/07\/cropped-logomini.png\",\"contentUrl\":\"https:\/\/odrarejsy.pl\/wp-content\/uploads\/2025\/07\/cropped-logomini.png\",\"width\":150,\"height\":150,\"caption\":\"Odra Rejsy\"},\"image\":{\"@id\":\"https:\/\/odrarejsy.pl\/#\/schema\/logo\/image\/\"}}]}<\/script>\n<!-- \/ Yoast SEO plugin. -->","yoast_head_json":{"title":"Odra we Wroc\u0142awiu - Odra Rejsy","robots":{"index":"index","follow":"follow","max-snippet":"max-snippet:-1","max-image-preview":"max-image-preview:large","max-video-preview":"max-video-preview:-1"},"canonical":"https:\/\/odrarejsy.pl\/","og_locale":"en_US","og_type":"article","og_title":"Odra we Wroc\u0142awiu - Odra Rejsy","og_description":"O Odrze we Wroc\u0142awiu Odra to druga najd\u0142u\u017csza rzeka w Polsce. Przep\u0142ywa przez serce Wroc\u0142awia, dziel\u0105c miasto na liczne wyspy i brzegi. Od wiek\u00f3w pe\u0142ni\u0142a kluczow\u0105 rol\u0119 w transporcie, gospodarce i \u017cyciu codziennym mieszka\u0144c\u00f3w. Rejsy po Odrze","og_url":"https:\/\/odrarejsy.pl\/","og_site_name":"Odra Rejsy","article_modified_time":"2025-07-07T16:15:29+00:00","twitter_card":"summary_large_image","schema":{"@context":"https:\/\/schema.org","@graph":[{"@type":"WebPage","@id":"https:\/\/odrarejsy.pl\/","url":"https:\/\/odrarejsy.pl\/","name":"Odra we Wroc\u0142awiu - Odra Rejsy","isPartOf":{"@id":"https:\/\/odrarejsy.pl\/#website"},"datePublished":"2025-07-07T13:52:21+00:00","dateModified":"2025-07-07T16:15:29+00:00","breadcrumb":{"@id":"https:\/\/odrarejsy.pl\/#breadcrumb"},"inLanguage":"en-US","potentialAction":[{"@type":"ReadAction","target":["https:\/\/odrarejsy.pl\/"]}]},{"@type":"BreadcrumbList","@id":"https:\/\/odrarejsy.pl\/#breadcrumb","itemListElement":[{"@type":"ListItem","position":1,"name":"Strona g\u0142\u00f3wna","item":"https:\/\/odrarejsy.pl\/"},{"@type":"ListItem","position":2,"name":"Odra we Wroc\u0142awiu"}]},{"@type":"WebSite","@id":"https:\/\/odrarejsy.pl\/#website","url":"https:\/\/odrarejsy.pl\/","name":"Odra Rejsy","description":"","publisher":{"@id":"https:\/\/odrarejsy.pl\/#organization"},"potentialAction":[{"@type":"SearchAction","target":{"@type":"EntryPoint","urlTemplate":"https:\/\/odrarejsy.pl\/?s={search_term_string}"},"query-input":{"@type":"PropertyValueSpecification","valueRequired":true,"valueName":"search_term_string"}}],"inLanguage":"en-US"},{"@type":"Organization","@id":"https:\/\/odrarejsy.pl\/#organization","name":"Odra Rejsy","url":"https:\/\/odrarejsy.pl\/","logo":{"@type":"ImageObject","inLanguage":"en-US","@id":"https:\/\/odrarejsy.pl\/#\/schema\/logo\/image\/","url":"https:\/\/odrarejsy.pl\/wp-content\/uploads\/2025\/07\/cropped-logomini.png","contentUrl":"https:\/\/odrarejsy.pl\/wp-content\/uploads\/2025\/07\/cropped-logomini.png","width":150,"height":150,"caption":"Odra Rejsy"},"image":{"@id":"https:\/\/odrarejsy.pl\/#\/schema\/logo\/image\/"}}]}},"_links":{"self":[{"href":"https:\/\/odrarejsy.pl\/index.php?rest_route=\/wp\/v2\/pages\/11","targetHints":{"allow":["GET"]}}],"collection":[{"href":"https:\/\/odrarejsy.pl\/index.php?rest_route=\/wp\/v2\/pages"}],"about":[{"href":"https:\/\/odrarejsy.pl\/index.php?rest_route=\/wp\/v2\/types\/page"}],"author":[{"embeddable":true,"href":"https:\/\/odrarejsy.pl\/index.php?rest_route=\/wp\/v2\/users\/1"}],"replies":[{"embeddable":true,"href":"https:\/\/odrarejsy.pl\/index.php?rest_route=%2Fwp%2Fv2%2Fcomments&post=11"}],"version-history":[{"count":13,"href":"https:\/\/odrarejsy.pl\/index.php?rest_route=\/wp\/v2\/pages\/11\/revisions"}],"predecessor-version":[{"id":58,"href":"https:\/\/odrarejsy.pl\/index.php?rest_route=\/wp\/v2\/pages\/11\/revisions\/58"}],"wp:attachment":[{"href":"https:\/\/odrarejsy.pl\/index.php?rest_route=%2Fwp%2Fv2%2Fmedia&parent=11"}],"curies":[{"name":"wp","href":"https:\/\/api.w.org\/{rel}","templated":true}]}}